-h - 1. Give z(h).
-5
Let o(q) = 2*q + 15. Let u be o(-7). Let w(g) = 4*g**3 - g**2 + g. What is w(u)?
4
Let j(f) = -f**2 - 30*f + 30. Let k be j(-31). Let q(u) = 7*u**2 + u. Calculate q(k).
6
Let l(g) be the second derivative of -g**3/6 + 2*g**2 - 7*g. What is l(-5)?
9
Let a(v) be the third derivative of -1/6*v**3 + 0 - 5*v**2 + 1/60*v**5 + 0*v**4 + 0*v + 1/24*v**6. Give a(-1).
-5
Let c(b) = 4*b**2 + 5*b + 4. Let i(h) = 9*h**2 + 10*h + 8. Let u(t) = 7*c(t) - 3*i(t). Suppose 0 = -0*n + 3*n - 9. Suppose -3*q - 12 = -n. Calculate u(q).
-2
Let v(i) be the second derivative of -i**5/20 - 5*i**4/12 - 2*i**3/3 + i**2/2 - 3*i. Give v(-4).
1
Let p be (36/20)/(2/10). Suppose 2*z - 5*j = -p, -2*z + 57 = 2*z + 5*j. Let m(d) = d - 3. Let x be m(z). Let c(g) = g**2 - 3*g - 5. Give c(x).
5
Let y(a) = a**3 + 4*a**2 + 3*a + 2. Let k(v) = v**3 + 5*v**2 - 3. Let q(i) = i**3 + i**2 - 8. Let u be q(0). Let x = u + 3. Let z be k(x). Determine y(z).
2
Suppose -2*y - 10 = -7*y. Suppose -4*m + y*p + 12 = -0*p, 0 = -m + 5*p + 3. Let z(f) = 2*f - m + 5 + 3*f. Calculate z(-2).
-8
Let d(y) = -6 + y**2 + 5*y - 6 + 2*y + 9. What is d(-6)?
-9
Let c(r) = -5*r + 5 + 0*r + 2*r - 4. What is c(-2)?
7
Let q(a) = a. Let n be 0 + (-2)/(-4)*6. Suppose -n*b + 1 - 4 = 0. What is q(b)?
-1
Let i(q) be the first derivative of -q**7/840 - q**6/90 - q**5/40 - q**4/24 - q**3/3 + 3. Let b(r) be the third derivative of i(r). Calculate b(-3).
-1
Let x(z) = z + 3. Let i(t) = -t**3 - 4*t**2 + 4*t - 5. Let q be (-1)/((-2)/30*-3). Let a be i(q). Determine x(a).
3
Let y be (-3)/(-4)*-4*1. Let d(q) be the third derivative of q**6/120 + q**5/20 + q**4/24 - 2*q**3/3 + 3*q**2. What is d(y)?
-7
Suppose 4*p + 2*z = 18, p + 3 = -0*p + z. Let q(a) = 3*a**2 + 2*a - 7. Let w(m) = m**2 - 1. Let i(u) = -q(u) + 4*w(u). Determine i(p).
3
Let r(w) = -w. Let x be r(-6). Suppose 2*h - x + 14 = 0. Let l be 1/2 - 6/h. Let t(f) = 2*f**2 - 2*f - 2. Give t(l).
2
Let b(v) = v**3 - v - 1. Suppose -5*r + 18 = w, 4*r = -3*w + 2*w + 14. Let g be ((-2)/(-1))/(w/1). Give b(g).
-1
Let p(s) be the second derivative of 1/2*s**2 + 4*s - 5/6*s**3 + 0. Let b be 2/(-3) + 1/(-3). What is p(b)?
6
Let o(s) = 16*s - 31. Let z(a) = 3*a - 6. Let b(x) = 2*o(x) - 11*z(x). Suppose 5*i = -6 + 1, 4*r + 1 = -i. Suppose 0 = 3*n - r*n. Determine b(n).
4
Let m(u) be the third derivative of -u**4/24 + 3*u**3/2 - 3*u**2. Give m(8).
1
Let d(b) = -4*b**2 + 3 - 3*b**2 - 2. Let a = -10 + 7. Let o be 0 + (3/a - 0). Determine d(o).
-6
Let y(d) be the third derivative of 0 - 2*d**2 + 0*d + d**3 + 1/8*d**4. What is y(-5)?
-9
Let r be (0 + 0)*1/(-2). Suppose -2*x = -r*x. Suppose x = -w + 3 + 3. Let j(a) = -a**2 + 6*a - 3. Give j(w).
-3
Let n(k) = k + 1. Let j(y) = -y**3 + 4*y**2 - y + 1. Let g be j(4). Let o = -3 + 3. Let c = o + g. Calculate n(c).
-2
Let q(o) = o**2 + 11*o + 5. Let s(r) = -r - 11. Let n be s(-3). Calculate q(n).
-19
Let h(y) = -y**3 - 9*y**2 - 5*y + 10. Suppose -14*k = -26*k - 96. Calculate h(k).
-14
Suppose 0 = -3*a - 4 - 8. Let u(q) be the second derivative of -q**3/6 - 5*q**2/2 + 4*q. Determine u(a).
-1
Let r(g) = g + 3. Let d be (-4)/6*(-150)/(-20). Calculate r(d).
-2
Suppose -6 + 0 = -3*y. Let k(w) = -w**2 + w - 1. Let i(r) = -r + 1. Let t(v) = 3*i(v) + 2*k(v). Calculate t(y).
-9
Let d = 0 - 0. Suppose 6*r - 3*r + 15 = d. Let u(z) = -z**2 - 5*z + 2. Determine u(r).
2
Let p(y) = y**3 + 2*y**2 + 3*y. Let f(v) = v**2. Let q(s) = 6*f(s) - p(s). Suppose -4*t + 4 = -o - 9, 5 = -o. Determine q(t).
2
Let q(f) be the first derivative of -f**2/2 - 3*f + 2. Let u = 15 - 9. Suppose -2*x - u = -0. Determine q(x).
0
Let j be (-30)/(-105) + (-66)/(-14). Let o be -4*(-3 - j/(-2)). Let v(b) = -b**3 + 2*b**2 - 2*b + 3. Determine v(o).
-1
Let g(r) = -197*r**2 - r**3 - r**3 + 3*r**3 + 195*r**2 + 2*r - 1. Determine g(2).
3
Let m(t) be the second derivative of -t**8/6720 + t**7/504 - t**6/240 - t**5/24 - t**4/6 + t. Let w(i) be the third derivative of m(i). Determine w(4).
-1
Let s = -3 + 1. Let q = 4 + 0. Let v(k) = 2 + 3*k**2 - q*k**2 + 3*k - k**3 - 1. Calculate v(s).
-1
Suppose 0 = 5*l - 3*u - 6, u + 4 = -4*l - u. Let n(o) = o**2 + o - 2. Calculate n(l).
-2
Let n(j) = -j - j + 2 + 7*j. Let l(v) = -7*v + 11. Let i(b) = -10*b + 16. Let w(d) = 5*i(d) - 7*l(d). Let k be w(5). Give n(k).
-8
Let s(w) be the first derivative of 7*w**2/2 + w + 5. Determine s(-1).
-6
Let l(j) = j**2 + 5*j + 1. Suppose -2*p + 2*k - 10 = 0, -2*p - 10 = -0*p - 4*k. Calculate l(p).
1
Suppose 0 = 2*n - 22*n + 20. Let p(v) be the second derivative of -2*v**4/3 - v**3/6 + v. What is p(n)?
-9
Let q(k) = k**3 - 7*k**2 - 1. Let i(g) = -7*g. Let l be i(-1). Let w be q(l). Let n(x) = -6*x - 1. Give n(w).
5
Suppose 3*t + 3*g + 15 - 39 = 0, 0 = g + 4. Suppose -4*y = -0*y - t. Let z(m) = m**3 - 5*m**2 + 4*m - 3. What is z(y)?
-9
Let v(h) = 19*h + 3. Suppose 5 = 2*y + 5*t - 4, -2*y = -2*t + 26. Let r(n) = -6*n - 1. Let w(k) = y*r(k) - 3*v(k). Give w(1).
-10
Suppose 3*t - 4*c + 31 = -0*t, 0 = -3*t - 5*c - 22. Let n(g) = g**2 + 8*g - 12. What is n(t)?
-3
Let n(p) = p**2 + 7*p. Suppose -3*h - h - 27 = u, 4*h - 4*u = -52. What is n(h)?
8
Let o be (3/6)/((-1)/(-10)). Let i = o - 7. Let c(p) be the first derivative of p**3/3 + 12. What is c(i)?
4
Let j(t) = -t**2 + 5*t + 2. Let n be j(0). Let q(g) = 2*g**2 - 2*g + 3 - 4*g + 4*g - g**3. Give q(n).
-1
Let p(c) = c**3 + 2*c**2 + 4*c + 9. Let s(a) = a**2 + a + 1. Suppose 12 = 2*g + 2*g. Let m(q) = g*s(q) - p(q). Determine m(0).
-6
Let p(d) be the second derivative of d**4/12 + 7*d**3/6 - 9*d**2/2 + 17*d. What is p(-8)?
-1
Let p be 4/(-10) - (-104)/10. Let f be 5/p + 7/2. Suppose -f*x + 3*h = -18, h - 16 + 6 = -4*x. Let l(w) = w**3 - 2*w**2 - 3. Calculate l(x).
6
Let f(h) = -h**3 - 2*h**2 + 2*h + 2. Let d be (-2 + -4)*8/(-12). Suppose 2*q + d = -0. Give f(q).
-2
Let a = 6 - 3. Let c = a + -1. Let l(n) = -n + 1 + 0 + c*n. Calculate l(-4).
-3
Let r(k) = 3*k + 5. Let d(m) = 1. Let x(u) = -d(u) + r(u). Give x(-3).
-5
Let i(d) be the first derivative of -3*d**2 + 3*d - 9. Calculate i(3).
-15
Suppose -3*l + 8 = -4*r, 2*r - l + 6 = -0*r. Let w(v) = -v**2 - 3*v - 5. Give w(r).
-15
Let c(m) = -m**3 - 4*m**2 - 10. Let h(b) = -b**2 - 1. Let o(y) = -c(y) + 4*h(y). Suppose x = 3*x. Determine o(x).
6
Let y = 4 - 6. Let b(l) be the second derivative of -l**7/840 - l**6/360 + l**5/60 - l**4/6 + l. Let s(q) be the third derivative of b(q). What is s(y)?
-6
Suppose -2*p + 2*l = -p - 11, -3*p - 3*l = 3. Let o(y) = -3*y + 3*y + 4*y**p. Let v(d) = -d**3 - 6*d**2 + 1. Let j be v(-6). Determine o(j).
4
Let a(t) = 8*t**3 - 4*t**2 + 4*t - 3. Let r(s) = 41*s**3 - 21*s**2 + 21*s - 16. Let h(m) = 11*a(m) - 2*r(m). What is h(1)?
5
Let s(o) = o**3 + 6*o**2 + 6*o + 2. Let t be (-32)/5 - 2/(-5). Let l = 11 + t. Let z be (l/(-2))/((-2)/(-4)). Determine s(z).
-3
Let r(z) be the third derivative of z**4/6 + z**3/3 + z**2. Let f = 59 - 61. Calculate r(f).
-6
Let t(b) = b**3 - b**2 - b - 11. Suppose -l - 2*i + 10 = 0, 0 = 4*l + 4*i - 4 - 16. Determine t(l).
-11
Let b(h) be the first derivative of h**6/360 - h**5/24 - h**4/6 + 5*h**3/3 + 4. Let l(p) be the third derivative of b(p). Give l(6).
2
Let r(q) = -3*q + 13. Let o be r(6). Let g(a) = -a**2 - 6*a - 7. What is g(o)?
-2
Let a(q) = -q - 1. Let g(m) = -m**2 + m - 3. Let x(c) = a(c) + g(c). Let l be 16*(1 + -3)/(-2). Suppose k - s = 3*s - l, -3*s = -12. Determine x(k).
-4
Let h = -7 + 11. Let t be ((-6)/h)/((-6)/8). Let c(a) = -t - 2 - a - 2*a. Calculate c(-4).
8
Let c(b) = 2*b. Let v be 3/2*(-22)/33. What is c(v)?
-2
Let l(r) be the first derivative of -r**3/3 - 3*r**2/2 + 6*r + 1. Let p(s) be the second derivative of -s**3/6 + 3*s**2/2 - 3*s. Let j be p(8). What is l(j)?
-4
Let n(f) = 7*f**2 - 7*f - 2. Let r(z) = 15*z**2 - 14*z - 4. Let b(k) = 13*n(k) - 6*r(k). Give b(8).
6
Suppose 0 = 4*g - 12. Let o(c) = 2*c**2 - 2*c**g - c**3 - c**2 + 4*c**3 + 2. Calculate o(0).
2
Let j(q) = -13*q**2 + 11*q - 8. Let f(n) = -3*n**2 + 3*n - 2. Let b(i) = -9*f(i) + 2*j(i). Determine b(3).
-4
Let r be (-13)/(-3) - (-6)/(-18). Suppose -t = -0*n + 5*n - 18, 2*n = r*t - 6. Suppose -2*x + 3 + t = 0. Let g(d) = d**2 - d - 3. Give g(x).
3
Let m(j) be the second derivative of j**4/12 + j**3 + 2*j**2 + 9*j. Give m(-6).
4
Suppose 2*t - 8 = 2. Let h(g) be the fir